{"id":1042,"date":"2020-09-09T09:03:22","date_gmt":"2020-09-09T12:03:22","guid":{"rendered":"http:\/\/ure1-fec.org.br\/?page_id=1042"},"modified":"2023-05-05T21:20:02","modified_gmt":"2023-05-06T00:20:02","slug":"downloads","status":"publish","type":"page","link":"https:\/\/ure1-fec.org.br\/downloads\/","title":{"rendered":"Downloads"},"content":{"rendered":"\n<div class=\"wp-block-group\"><div class=\"wp-block-group__inner-container is-layout-flow wp-block-group-is-layout-flow\">\n<p class=\"has-medium-font-size\"><strong>Documentos Jur\u00eddicos<\/strong><\/p>\n\n\n\n<p><a href=\"https:\/\/www.fec.org.br\/pdfs\/Estatuto11desetembro2016.pdf\">Estatuto FEC &#8211; Aprovado em 11.09.2016<\/a><br><a href=\"https:\/\/www.fec.org.br\/pdfs\/REGIMENTO%20INTERNO%20fec%20-%20Aprovado%20no%20CFE%2015%2002%202020.pdf\">Regimento Interno FEC &#8211; Aprovado em 15.02.2020<\/a><br><a href=\"http:\/\/fec.org.br\/wp-content\/uploads\/2020\/08\/TERMO-DE-CESS%C3%83O-E-AUTORIZA%C3%87%C3%83O-DE-USO-DA-IMAGEM-MAR%C3%87O2017.pdf\">Termo de Cess\u00e3o e autoriza\u00e7\u00e3o de Uso de Imagem<\/a><br><a href=\"http:\/\/fec.org.br\/wp-content\/uploads\/2020\/10\/TERMO-DE-CESS%C3%83O-E-AUTORIZA%C3%87%C3%83O-DE-USO-DA-IMAGEM-DE-MENOR-DE-IDADE-INSTITUI%C3%87%C3%83O-ESP%C3%8DRITA.docx\">Termo de Cess\u00e3o e autoriza\u00e7\u00e3o de Uso de Imagem de Menor de Idade<\/a><br><a href=\"http:\/\/fec.org.br\/wp-content\/uploads\/2020\/10\/TERMO-DE-ADES%C3%83O-VOLUNT%C3%81RIO-INSTITUI%C3%87%C3%83O-outubro2020.docx\">Termo de Ades\u00e3o ao Servi\u00e7o Voluntariado<\/a><br><a href=\"http:\/\/fec.org.br\/wp-content\/uploads\/2020\/09\/Termo-de-ades%C3%A3o-ao-servi%C3%A7o-volunt%C3%A1rio-Modelo-2.docx\">Termo de Ades\u00e3o ao Servi\u00e7o Voluntariado &#8211; Modelo 2<\/a><br><a href=\"http:\/\/fec.org.br\/wp-content\/uploads\/2020\/10\/CONTRATO-DE-CONSIGNACAO-DISTRIBUIDORA-FEC-23_10_2020.docx\">Contrato de Consigna\u00e7\u00e3o Distribuidora FEC<\/a><br><a href=\"http:\/\/fec.org.br\/wp-content\/uploads\/2020\/10\/FEB-LGPD.pdf\">CFN\/FEB &#8211; &#8220;A Lei Geral de Prote\u00e7\u00e3o de Dados e as Institui\u00e7\u00f5es Esp\u00edritas&#8221;<\/a><br><a href=\"http:\/\/fec.org.br\/wp-content\/uploads\/2020\/09\/Modelo-de-Projeto-de-Atividade.docx\">Modelo de Projeto de Atividade<\/a><\/p>\n\n\n\n<div class=\"wp-block-group\"><div class=\"wp-block-group__inner-container is-layout-flow wp-block-group-is-layout-flow\">\n<p class=\"has-medium-font-size\"><strong>Documentos Fiscais<\/strong><\/p>\n\n\n\n<p><a href=\"http:\/\/fec.org.br\/wp-content\/uploads\/2020\/11\/Como-consultar-a-situa%C3%A7%C3%A3o-fiscal-da-institui%C3%A7%C3%A3o-esp%C3%ADrita..pdf\">Como consultar a situa\u00e7\u00e3o fiscal da institui\u00e7\u00e3o esp\u00edrita<\/a><br><a href=\"http:\/\/fec.org.br\/wp-content\/uploads\/2020\/11\/Documentos-Fiscais-2.pdf\">Orienta\u00e7\u00f5es Financeiras\/Fiscais \u2013 Documentos Fiscais<\/a><br><a href=\"http:\/\/fec.org.br\/wp-content\/uploads\/2020\/11\/Recibo-de-Pagamento-para-Aut%C3%B4nomo.pdf\">Orienta\u00e7\u00f5es Financeiras\/Fiscais &#8211; Recibo Pagamento Aut\u00f4nomo<\/a><\/p>\n<\/div><\/div>\n\n\n\n<p><\/p>\n<\/div><\/div>\n\n\n\n<div class=\"wp-block-group\"><div class=\"wp-block-group__inner-container is-layout-flow wp-block-group-is-layout-flow\">\n<p class=\"has-medium-font-size\"><strong>Documentos Nacionais de Orienta\u00e7\u00e3o &#8211; CFN\/FEB<\/strong><\/p>\n<\/div><\/div>\n\n\n\n<p><a href=\"http:\/\/fec.org.br\/images\/vped\/doctos%20orientadores\/Plano_de_Trabalho_para_Movimento_Espirita_Brasileiro.pdf\">Plano de Trabalho para o Movimento Esp\u00edrita Brasileiro &#8211; 2018-2022<\/a><br><a rel=\"noreferrer noopener\" href=\"https:\/\/ure1-fec.org.br\/wp-content\/uploads\/2021\/01\/WEB-Orientacao-ao-Centro-Espirita.pdf\" target=\"_blank\">Orienta\u00e7\u00e3o ao Centro Esp\u00edrita<\/a> <sup><strong><code><mark style=\"background-color:rgba(0, 0, 0, 0)\" class=\"has-inline-color has-black-color\">Atualizado!!<\/mark><\/code><\/strong><\/sup><br><a href=\"http:\/\/fec.org.br\/images\/vped\/doctos%20orientadores\/Orienta%C3%A7%C3%A3o%20aos%20%C3%B3rg%C3%A3os%20de%20unifica%C3%A7%C3%A3o.pdf\">Orienta\u00e7\u00e3o aos \u00d3rg\u00e3os de Unifica\u00e7\u00e3o<\/a><br><a href=\"http:\/\/fec.org.br\/images\/vped\/doctos%20orientadores\/orientacao_para_a_pratica_mediunica_no_centro_espirita-completo.pdf\">Orienta\u00e7\u00e3o para a Pr\u00e1tica Medi\u00fanica no Centro Esp\u00edrita<\/a><br><a href=\"https:\/\/www.febnet.org.br\/portal\/wp-content\/uploads\/2019\/07\/Orienta%C3%A7%C3%A3o-para-o-Atendimento-Espiritual-no-Centro-Esp%C3%ADrita.pdf\" data-type=\"URL\" data-id=\"https:\/\/www.febnet.org.br\/portal\/wp-content\/uploads\/2019\/07\/Orienta%C3%A7%C3%A3o-para-o-Atendimento-Espiritual-no-Centro-Esp%C3%ADrita.pdf\">Orienta\u00e7\u00e3o para o\u00a0Atendimento Espiritual\u00a0no Centro Esp\u00edrita<\/a><br><a href=\"http:\/\/fec.org.br\/images\/vped\/doctos%20orientadores\/2015%20-%20Orienta%C3%A7%C3%A3o%20Inf%C3%A2ncia%20-%20Diretrizes%20e%20Subs%C3%ADdios.pdf\">Orienta\u00e7\u00e3o\u00a0\u00e0 A\u00e7\u00e3o Evangelizadora Esp\u00edrita da Inf\u00e2ncia:\u00a0Diretrizes e Subs\u00eddios<\/a><br><a href=\"http:\/\/fec.org.br\/images\/vped\/doctos%20orientadores\/2015%20-%20Orienta%C3%A7%C3%A3o%20Juventude%20-%20Diretrizes%20e%20Subs%C3%ADdios.pdf\">Orienta\u00e7\u00e3o \u00e0 A\u00e7\u00e3o Evangelizadora Esp\u00edrita da Juventude:\u00a0Diretrizes e Subs\u00eddios<\/a><br><a href=\"https:\/\/ure1-fec.org.br\/wp-content\/uploads\/2021\/05\/WEB-Orientacao-a-Assistencia-e-Promocao-Social-Espirita.pdf\">Manual de Apoio &#8211; SAPSE &#8211; Servi\u00e7o de Assist\u00eancia de Promo\u00e7\u00e3o Social Esp\u00edrita<\/a><br><a href=\"http:\/\/fec.org.br\/images\/vped\/doctos%20orientadores\/Orienta%C3%A7%C3%A3o%20para%20a%20%C3%81rea%20de%20Estudo%20do%20Espiritismo.pdf\">Orienta\u00e7\u00e3o para a \u00c1rea de Estudo do Espiritismo<\/a><br><a href=\"http:\/\/fec.org.br\/images\/vped\/doctos%20orientadores\/Miolo_Orientacao_ao_ESDE_16_05_16%20copy%201.pdf\">Orienta\u00e7\u00e3o para o Estudo Sistematizado da Doutrina Esp\u00edrita &#8211; ESDE<\/a><br><a href=\"http:\/\/fec.org.br\/images\/vped\/doctos%20orientadores\/Introdu%C3%A7%C3%A3o-ao-Estudo-do-Espiritismo-Estudo-da-Obra-B%C3%A1sica-22-02-19.pdf\">Orienta\u00e7\u00e3o para o Estudo Introdut\u00f3rio e Estudo de Obras B\u00e1sicas<\/a><br><a href=\"http:\/\/fec.org.br\/images\/vped\/doctos%20orientadores\/orientacaocomunicacaoespirita.pdf\">Orienta\u00e7\u00e3o \u00e0 Comunica\u00e7\u00e3o Social Esp\u00edrita<\/a><br><a href=\"http:\/\/fec.org.br\/wp-content\/uploads\/2020\/05\/WEB-O-livro-espirita-e-a-sustentabilidade-do-movimento-espirira.pdf\">O Livro Espirita e a Sustentabilidade do movimento espirita<\/a><br><a href=\"http:\/\/fec.org.br\/images\/vped\/doctos%20orientadores\/Resolu%C3%A7%C3%A3o%20CFN%20n%C2%BA%2005_2014%20-Orienta%C3%A7%C3%A3o%20sobre%20uso%20da%20arte%20na%20Atividade%20Esp%C3%ADrita.pdf\">Orienta\u00e7\u00e3o sobre uso da arte na Atividade Esp\u00edrita &#8211;\u00a0Resolu\u00e7\u00e3o CFN n\u00ba 05_2014<\/a><\/p>\n\n\n\n<div class=\"wp-block-group\"><div class=\"wp-block-group__inner-container is-layout-flow wp-block-group-is-layout-flow\">\n<p class=\"has-medium-font-size\"><strong>Documentos do 1\u00ba Encontro Regional de Trabalhadores Esp\u00edritas (Mar\u00e7o\/2020)<\/strong><\/p>\n<\/div><\/div>\n\n\n\n<p><a href=\"http:\/\/Documentos Nacionais de Orienta\u00e7\u00e3o - CFN\/FEB\">Apresenta\u00e7\u00e3o sobre Passe &#8211; Departarmento de Atendimento Esp\u00edritual<\/a> <\/p>\n\n\n\n<p class=\"has-medium-font-size\"><strong>Documentos do 2\u00baEncontro Regional de Trabalhadores Esp\u00edritas (Novembro\/2020)<\/strong><\/p>\n\n\n\n<p><a rel=\"noreferrer noopener\" href=\"https:\/\/drive.google.com\/drive\/folders\/1Dsh42_AbGdCZK8DzIjH_2LWM7YRKHkdB?usp=sharing\" target=\"_blank\">Oficina Uni\u00e3o e Unifica\u00e7\u00e3o<\/a><br><a rel=\"noreferrer noopener\" href=\"https:\/\/drive.google.com\/drive\/folders\/1qLgI_9VwzNb61EbD7el1umqDhmngQf4v?usp=sharing\" target=\"_blank\">Oficina Mediunidade<\/a><br><a rel=\"noreferrer noopener\" href=\"https:\/\/drive.google.com\/drive\/folders\/1s9iS6EnZ7UIL6aNUkFY92g8MiWSLaVQ4?usp=sharing\" target=\"_blank\">Oficina Fam\u00edlia, Inf\u00e2ncia e Juventude<\/a><br><a rel=\"noreferrer noopener\" href=\"https:\/\/drive.google.com\/drive\/folders\/1ceEqQD3dP1ptwfMK89L9LGyLnzMMkyKu?usp=sharing\" target=\"_blank\">Oficina Estudo e Difus\u00e3o<\/a><br><a rel=\"noreferrer noopener\" href=\"https:\/\/drive.google.com\/drive\/folders\/1YtiDmWhwwxzXDMUP_O7UDmwvPQ-pZoNs?usp=sharing\" target=\"_blank\">Oficina Atendimento Espiritual<\/a><\/p>\n\n\n\n<p class=\"has-medium-font-size\"><strong>Informativo M\u00e3os Unidas<\/strong><\/p>\n\n\n\n<p><a href=\"https:\/\/ure1-fec.org.br\/wp-content\/uploads\/2021\/04\/MU-01-Abril-2021.pdf\" target=\"_blank\" rel=\"noreferrer noopener\">Informativo 01 &#8211; Mar\u00e7o 2021<\/a><br><a href=\"https:\/\/ure1-fec.org.br\/wp-content\/uploads\/2021\/06\/MU-02.pdf\" target=\"_blank\" rel=\"noreferrer noopener\">Informativo 02 &#8211; Junho 2021<\/a><\/p>\n","protected":false},"excerpt":{"rendered":"<p>Documentos Jur\u00eddicos Estatuto FEC &#8211; Aprovado em 11.09.2016Regimento Interno FEC &#8211; Aprovado em 15.02.2020Termo de Cess\u00e3o e autoriza\u00e7\u00e3o de Uso de ImagemTermo de Cess\u00e3o e autoriza\u00e7\u00e3o de Uso de Imagem&hellip;<\/p>\n","protected":false},"author":2,"featured_media":0,"parent":0,"menu_order":0,"comment_status":"closed","ping_status":"closed","template":"","meta":{"footnotes":""},"class_list":["post-1042","page","type-page","status-publish","hentry"],"_links":{"self":[{"href":"https:\/\/ure1-fec.org.br\/wp-json\/wp\/v2\/pages\/1042","targetHints":{"allow":["GET"]}}],"collection":[{"href":"https:\/\/ure1-fec.org.br\/wp-json\/wp\/v2\/pages"}],"about":[{"href":"https:\/\/ure1-fec.org.br\/wp-json\/wp\/v2\/types\/page"}],"author":[{"embeddable":true,"href":"https:\/\/ure1-fec.org.br\/wp-json\/wp\/v2\/users\/2"}],"replies":[{"embeddable":true,"href":"https:\/\/ure1-fec.org.br\/wp-json\/wp\/v2\/comments?post=1042"}],"version-history":[{"count":23,"href":"https:\/\/ure1-fec.org.br\/wp-json\/wp\/v2\/pages\/1042\/revisions"}],"predecessor-version":[{"id":2043,"href":"https:\/\/ure1-fec.org.br\/wp-json\/wp\/v2\/pages\/1042\/revisions\/2043"}],"wp:attachment":[{"href":"https:\/\/ure1-fec.org.br\/wp-json\/wp\/v2\/media?parent=1042"}],"curies":[{"name":"wp","href":"https:\/\/api.w.org\/{rel}","templated":true}]}}